{"id":13,"date":"2013-03-17T21:28:17","date_gmt":"2013-03-17T20:28:17","guid":{"rendered":"http:\/\/www.jugendfeuerwehr-eddelak-st-michaelisdonn.de\/wcms\/?page_id=13"},"modified":"2023-12-30T21:08:57","modified_gmt":"2023-12-30T20:08:57","slug":"jugendraume","status":"publish","type":"page","link":"https:\/\/www.jugendfeuerwehr-eddelak-st-michaelisdonn.de\/wcms\/wir-uber-uns\/jugendraume\/","title":{"rendered":"Unsere Jugendr\u00e4ume"},"content":{"rendered":"\n<p>2021 hat die Jugendfeuerwehr die R\u00e4umlichkeiten des ehemaligen Jugendtreffs Eddelak \u00fcbernommen und in eigenleistung renoviert. Der Anbau befindet sich direkt neben dem Feuerwehrger\u00e4tehaus Eddelak und bietet folgende R\u00e4umlichkeiten f\u00fcr uns:<\/p>\n\n\n\n<ul class=\"wp-block-list\"><li>Gruppenr\u00e4um<\/li><li>Umkleideraum Jungs<\/li><li>Umkleideraum M\u00e4dchen<\/li><li>WC Herren<\/li><li>WC Damen<\/li><li>K\u00fcche<\/li><\/ul>\n\n\n<div class=\"wp-block-image\">\n<figure class=\"aligncenter size-large\"><a href=\"http:\/\/www.jugendfeuerwehr-eddelak-st-michaelisdonn.de\/wcms\/wp-content\/uploads\/2023\/12\/IMG_2516-scaled.jpeg\" data-rel=\"lightbox-image-0\" data-rl_title=\"\" data-rl_caption=\"\" title=\"\"><img loading=\"lazy\" decoding=\"async\" width=\"1024\" height=\"768\" src=\"http:\/\/www.jugendfeuerwehr-eddelak-st-michaelisdonn.de\/wcms\/wp-content\/uploads\/2023\/12\/IMG_2516-1024x768.jpeg\" alt=\"\" class=\"wp-image-4097\" srcset=\"https:\/\/www.jugendfeuerwehr-eddelak-st-michaelisdonn.de\/wcms\/wp-content\/uploads\/2023\/12\/IMG_2516-1024x768.jpeg 1024w, https:\/\/www.jugendfeuerwehr-eddelak-st-michaelisdonn.de\/wcms\/wp-content\/uploads\/2023\/12\/IMG_2516-300x225.jpeg 300w, https:\/\/www.jugendfeuerwehr-eddelak-st-michaelisdonn.de\/wcms\/wp-content\/uploads\/2023\/12\/IMG_2516-768x576.jpeg 768w, https:\/\/www.jugendfeuerwehr-eddelak-st-michaelisdonn.de\/wcms\/wp-content\/uploads\/2023\/12\/IMG_2516-1536x1152.jpeg 1536w, https:\/\/www.jugendfeuerwehr-eddelak-st-michaelisdonn.de\/wcms\/wp-content\/uploads\/2023\/12\/IMG_2516-2048x1536.jpeg 2048w\" sizes=\"auto, (max-width: 1024px) 100vw, 1024px\" \/><\/a><figcaption>Gemeinschaftsraum<\/figcaption><\/figure><\/div>\n\n<div class=\"wp-block-image\">\n<figure class=\"aligncenter size-large\"><a href=\"http:\/\/www.jugendfeuerwehr-eddelak-st-michaelisdonn.de\/wcms\/wp-content\/uploads\/2023\/12\/IMG_2519-scaled.jpeg\" data-rel=\"lightbox-image-1\" data-rl_title=\"\" data-rl_caption=\"\" title=\"\"><img loading=\"lazy\" decoding=\"async\" width=\"1024\" height=\"768\" src=\"http:\/\/www.jugendfeuerwehr-eddelak-st-michaelisdonn.de\/wcms\/wp-content\/uploads\/2023\/12\/IMG_2519-1024x768.jpeg\" alt=\"\" class=\"wp-image-4098\" srcset=\"https:\/\/www.jugendfeuerwehr-eddelak-st-michaelisdonn.de\/wcms\/wp-content\/uploads\/2023\/12\/IMG_2519-1024x768.jpeg 1024w, https:\/\/www.jugendfeuerwehr-eddelak-st-michaelisdonn.de\/wcms\/wp-content\/uploads\/2023\/12\/IMG_2519-300x225.jpeg 300w, https:\/\/www.jugendfeuerwehr-eddelak-st-michaelisdonn.de\/wcms\/wp-content\/uploads\/2023\/12\/IMG_2519-768x576.jpeg 768w, https:\/\/www.jugendfeuerwehr-eddelak-st-michaelisdonn.de\/wcms\/wp-content\/uploads\/2023\/12\/IMG_2519-1536x1152.jpeg 1536w, https:\/\/www.jugendfeuerwehr-eddelak-st-michaelisdonn.de\/wcms\/wp-content\/uploads\/2023\/12\/IMG_2519-2048x1537.jpeg 2048w\" sizes=\"auto, (max-width: 1024px) 100vw, 1024px\" \/><\/a><figcaption>Umkleide M\u00e4dchen<\/figcaption><\/figure><\/div>\n\n<div class=\"wp-block-image\">\n<figure class=\"aligncenter size-large\"><a href=\"http:\/\/www.jugendfeuerwehr-eddelak-st-michaelisdonn.de\/wcms\/wp-content\/uploads\/2023\/12\/IMG_2521-scaled.jpeg\" data-rel=\"lightbox-image-2\" data-rl_title=\"\" data-rl_caption=\"\" title=\"\"><img loading=\"lazy\" decoding=\"async\" width=\"1024\" height=\"768\" src=\"http:\/\/www.jugendfeuerwehr-eddelak-st-michaelisdonn.de\/wcms\/wp-content\/uploads\/2023\/12\/IMG_2521-1024x768.jpeg\" alt=\"\" class=\"wp-image-4099\" srcset=\"https:\/\/www.jugendfeuerwehr-eddelak-st-michaelisdonn.de\/wcms\/wp-content\/uploads\/2023\/12\/IMG_2521-1024x768.jpeg 1024w, https:\/\/www.jugendfeuerwehr-eddelak-st-michaelisdonn.de\/wcms\/wp-content\/uploads\/2023\/12\/IMG_2521-300x225.jpeg 300w, https:\/\/www.jugendfeuerwehr-eddelak-st-michaelisdonn.de\/wcms\/wp-content\/uploads\/2023\/12\/IMG_2521-768x576.jpeg 768w, https:\/\/www.jugendfeuerwehr-eddelak-st-michaelisdonn.de\/wcms\/wp-content\/uploads\/2023\/12\/IMG_2521-1536x1152.jpeg 1536w, https:\/\/www.jugendfeuerwehr-eddelak-st-michaelisdonn.de\/wcms\/wp-content\/uploads\/2023\/12\/IMG_2521-2048x1537.jpeg 2048w\" sizes=\"auto, (max-width: 1024px) 100vw, 1024px\" \/><\/a><figcaption>Umkleide Jungs<\/figcaption><\/figure><\/div>","protected":false},"excerpt":{"rendered":"\n2021 hat die Jugendfeuerwehr die R\u00e4umlichkeiten des ehemaligen Jugendtreffs Eddelak \u00fcbernommen und in eigenleistung renoviert. Der Anbau befindet sich direkt neben dem Feuerwehrger\u00e4tehaus Eddelak und &hellip;","protected":false},"author":15,"featured_media":0,"parent":8,"menu_order":410,"comment_status":"open","ping_status":"closed","template":"","meta":{"ngg_post_thumbnail":0,"_mc_calendar":[],"footnotes":""},"class_list":["post-13","page","type-page","status-publish","hentry"],"_links":{"self":[{"href":"https:\/\/www.jugendfeuerwehr-eddelak-st-michaelisdonn.de\/wcms\/wp-json\/wp\/v2\/pages\/13","targetHints":{"allow":["GET"]}}],"collection":[{"href":"https:\/\/www.jugendfeuerwehr-eddelak-st-michaelisdonn.de\/wcms\/wp-json\/wp\/v2\/pages"}],"about":[{"href":"https:\/\/www.jugendfeuerwehr-eddelak-st-michaelisdonn.de\/wcms\/wp-json\/wp\/v2\/types\/page"}],"author":[{"embeddable":true,"href":"https:\/\/www.jugendfeuerwehr-eddelak-st-michaelisdonn.de\/wcms\/wp-json\/wp\/v2\/users\/15"}],"replies":[{"embeddable":true,"href":"https:\/\/www.jugendfeuerwehr-eddelak-st-michaelisdonn.de\/wcms\/wp-json\/wp\/v2\/comments?post=13"}],"version-history":[{"count":18,"href":"https:\/\/www.jugendfeuerwehr-eddelak-st-michaelisdonn.de\/wcms\/wp-json\/wp\/v2\/pages\/13\/revisions"}],"predecessor-version":[{"id":4103,"href":"https:\/\/www.jugendfeuerwehr-eddelak-st-michaelisdonn.de\/wcms\/wp-json\/wp\/v2\/pages\/13\/revisions\/4103"}],"up":[{"embeddable":true,"href":"https:\/\/www.jugendfeuerwehr-eddelak-st-michaelisdonn.de\/wcms\/wp-json\/wp\/v2\/pages\/8"}],"wp:attachment":[{"href":"https:\/\/www.jugendfeuerwehr-eddelak-st-michaelisdonn.de\/wcms\/wp-json\/wp\/v2\/media?parent=13"}],"curies":[{"name":"wp","href":"https:\/\/api.w.org\/{rel}","templated":true}]}}